{"id":1138,"date":"2020-05-15T09:04:43","date_gmt":"2020-05-15T07:04:43","guid":{"rendered":"https:\/\/kertoonstudio.fr\/?page_id=1138"},"modified":"2025-09-28T18:33:11","modified_gmt":"2025-09-28T16:33:11","slug":"la-vie-a-kertoon","status":"publish","type":"page","link":"https:\/\/kertoon.grouplive.net\/index.php\/la-vie-a-kertoon\/","title":{"rendered":"La vie \u00e0 Kertoon"},"content":{"rendered":"<div class=\"aioseo-breadcrumbs\"><span class=\"aioseo-breadcrumb\">\n\t\t\tHome\n\t\t<\/span><\/div>\n\n\n<figure class=\"wp-block-image size-large is-style-default\"><img loading=\"lazy\" decoding=\"async\" width=\"1024\" height=\"334\" src=\"https:\/\/kertoonstudio.fr\/wp-content\/uploads\/2023\/02\/bandeau-accueil-1024x334.jpg\" alt=\"\" class=\"wp-image-9206\" srcset=\"https:\/\/kertoon.grouplive.net\/wp-content\/uploads\/2023\/02\/bandeau-accueil-1024x334.jpg 1024w, https:\/\/kertoon.grouplive.net\/wp-content\/uploads\/2023\/02\/bandeau-accueil-300x98.jpg 300w, https:\/\/kertoon.grouplive.net\/wp-content\/uploads\/2023\/02\/bandeau-accueil-768x251.jpg 768w, https:\/\/kertoon.grouplive.net\/wp-content\/uploads\/2023\/02\/bandeau-accueil-1536x502.jpg 1536w, https:\/\/kertoon.grouplive.net\/wp-content\/uploads\/2023\/02\/bandeau-accueil-2048x669.jpg 2048w\" sizes=\"auto, (max-width: 1024px) 100vw, 1024px\" \/><\/figure>\n\n\n\n<h1 class=\"wp-block-heading\">LA VIE \u00c0 KERTOON<\/h1>\n\n\n\n<h2 class=\"wp-block-heading\">80 Kertooners, forcement \u00e7a fait du bruit&#8230; Promenez vous dans les diff\u00e9rentes rubriques afin de d\u00e9couvrir ce qui nous fait rire et nous unit.<\/h2>\n\n\n\n<figure class=\"wp-block-table is-style-stripes\"><table class=\"has-fixed-layout\"><tbody><tr><td class=\"has-text-align-center\" data-align=\"center\"><a href=\"https:\/\/kertoonstudio.fr\/index.php\/my-kertoon-story\/\"><img loading=\"lazy\" decoding=\"async\" width=\"150\" height=\"150\" class=\"wp-image-10877\" style=\"width: 150px;\" src=\"https:\/\/kertoonstudio.fr\/wp-content\/uploads\/2025\/08\/vignette-kstory.jpg\" alt=\"\" srcset=\"https:\/\/kertoon.grouplive.net\/wp-content\/uploads\/2025\/08\/vignette-kstory.jpg 200w, https:\/\/kertoon.grouplive.net\/wp-content\/uploads\/2025\/08\/vignette-kstory-150x150.jpg 150w\" sizes=\"auto, (max-width: 150px) 100vw, 150px\" \/><\/a><br><a href=\"https:\/\/kertoonstudio.fr\/index.php\/my-kertoon-story\/\">My Kertoon Story<\/a><\/td><td class=\"has-text-align-center\" data-align=\"center\"><a href=\"https:\/\/kertoonstudio.fr\/index.php\/la-vie-a-kertoon__trashed\/nos-histoires\/\"><img loading=\"lazy\" decoding=\"async\" width=\"150\" height=\"150\" class=\"wp-image-10797\" style=\"width: 150px;\" src=\"https:\/\/kertoonstudio.fr\/wp-content\/uploads\/2025\/08\/best.jpg\" alt=\"\" srcset=\"https:\/\/kertoon.grouplive.net\/wp-content\/uploads\/2025\/08\/best.jpg 200w, https:\/\/kertoon.grouplive.net\/wp-content\/uploads\/2025\/08\/best-150x150.jpg 150w\" sizes=\"auto, (max-width: 150px) 100vw, 150px\" \/><\/a><br><a href=\"https:\/\/kertoonstudio.fr\/index.php\/la-vie-a-kertoon__trashed\/nos-histoires\/\">Meilleures impros<\/a><\/td><td class=\"has-text-align-center\" data-align=\"center\"><a href=\"https:\/\/kertoonstudio.fr\/index.php\/la-vie-a-kertoon\/nos-films-datelier\/\"><img loading=\"lazy\" decoding=\"async\" width=\"150\" height=\"150\" class=\"wp-image-10765\" style=\"width: 150px;\" src=\"https:\/\/kertoonstudio.fr\/wp-content\/uploads\/2025\/08\/making-of.jpg\" alt=\"\" srcset=\"https:\/\/kertoon.grouplive.net\/wp-content\/uploads\/2025\/08\/making-of.jpg 200w, https:\/\/kertoon.grouplive.net\/wp-content\/uploads\/2025\/08\/making-of-150x150.jpg 150w\" sizes=\"auto, (max-width: 150px) 100vw, 150px\" \/><\/a><br><a href=\"https:\/\/kertoonstudio.fr\/index.php\/la-vie-a-kertoon\/nos-films-datelier\/\" title=\"\">Nos <\/a><a href=\"https:\/\/kertoonstudio.fr\/index.php\/la-vie-a-kertoon\/nos-films-datelier\/\"><mark style=\"background-color:rgba(0, 0, 0, 0)\" class=\"has-inline-color has-neve-link-color-color\">Making-of<\/mark><\/a><\/td><td class=\"has-text-align-center\" data-align=\"center\"><a href=\"https:\/\/kertoonstudio.fr\/index.php\/jeux-a-themes\/\"><img loading=\"lazy\" decoding=\"async\" width=\"150\" height=\"150\" class=\"wp-image-10783\" style=\"width: 150px;\" src=\"https:\/\/kertoonstudio.fr\/wp-content\/uploads\/2025\/08\/themes.jpg\" alt=\"\" srcset=\"https:\/\/kertoon.grouplive.net\/wp-content\/uploads\/2025\/08\/themes.jpg 200w, https:\/\/kertoon.grouplive.net\/wp-content\/uploads\/2025\/08\/themes-150x150.jpg 150w\" sizes=\"auto, (max-width: 150px) 100vw, 150px\" \/><\/a><br><a href=\"https:\/\/kertoonstudio.fr\/index.php\/jeux-a-themes\/\">Exercices \u00e0 th\u00e8mes<\/a><\/td><\/tr><tr><td class=\"has-text-align-center\" data-align=\"center\"><a href=\"https:\/\/kertoonstudio.fr\/index.php\/la-kertoon-space\/\" title=\"\"><img loading=\"lazy\" decoding=\"async\" width=\"150\" height=\"150\" class=\"wp-image-20043\" style=\"width: 150px;\" src=\"https:\/\/kertoonstudio.fr\/wp-content\/uploads\/2025\/09\/ks2.jpg\" alt=\"\" srcset=\"https:\/\/kertoon.grouplive.net\/wp-content\/uploads\/2025\/09\/ks2.jpg 200w, https:\/\/kertoon.grouplive.net\/wp-content\/uploads\/2025\/09\/ks2-150x150.jpg 150w\" sizes=\"auto, (max-width: 150px) 100vw, 150px\" \/><\/a><br><a href=\"https:\/\/kertoonstudio.fr\/index.php\/la-kertoon-space\/\"><img decoding=\"async\" class=\"wp-image-9926\" style=\"width: 150px;\" src=\"https:\/\/kertoonstudio.fr\/wp-content\/uploads\/2024\/01\/kspace.jpeg\" alt=\"\">La Kertoon Space<\/a><\/td><td class=\"has-text-align-center\" data-align=\"center\"><a href=\"https:\/\/kertoonstudio.fr\/index.php\/la-vie-a-kertoon__trashed\/la-f-a-q\/\" title=\"\"><img loading=\"lazy\" decoding=\"async\" width=\"150\" height=\"150\" class=\"wp-image-20046\" style=\"width: 150px;\" src=\"https:\/\/kertoonstudio.fr\/wp-content\/uploads\/2025\/09\/faq-kertoon.jpg\" alt=\"\" srcset=\"https:\/\/kertoon.grouplive.net\/wp-content\/uploads\/2025\/09\/faq-kertoon.jpg 200w, https:\/\/kertoon.grouplive.net\/wp-content\/uploads\/2025\/09\/faq-kertoon-150x150.jpg 150w\" sizes=\"auto, (max-width: 150px) 100vw, 150px\" \/><\/a><a href=\"https:\/\/kertoonstudio.fr\/index.php\/la-vie-a-kertoon__trashed\/la-f-a-q\/\"><img decoding=\"async\" class=\"wp-image-9950\" style=\"width: 150px;\" src=\"https:\/\/kertoonstudio.fr\/wp-content\/uploads\/2024\/01\/faq.jpeg\" alt=\"\"><\/a><br><a href=\"https:\/\/kertoonstudio.fr\/index.php\/la-vie-a-kertoon__trashed\/la-f-a-q\/\">La FAQ. Kertoon<\/a><\/td><td class=\"has-text-align-center\" data-align=\"center\"><a href=\"https:\/\/kertoonstudio.fr\/index.php\/la-vie-a-kertoon\/interview-toon\/\" title=\"\"><img loading=\"lazy\" decoding=\"async\" width=\"150\" height=\"150\" class=\"wp-image-20049\" style=\"width: 150px;\" src=\"https:\/\/kertoonstudio.fr\/wp-content\/uploads\/2025\/09\/interview.jpg\" alt=\"\" srcset=\"https:\/\/kertoon.grouplive.net\/wp-content\/uploads\/2025\/09\/interview.jpg 200w, https:\/\/kertoon.grouplive.net\/wp-content\/uploads\/2025\/09\/interview-150x150.jpg 150w\" sizes=\"auto, (max-width: 150px) 100vw, 150px\" \/><\/a><br><a href=\"https:\/\/kertoonstudio.fr\/index.php\/la-vie-a-kertoon\/interview-toon\/\">Portraits de<br>Kertooners<\/a><\/td><td class=\"has-text-align-center\" data-align=\"center\"><a href=\"https:\/\/kertoonstudio.fr\/index.php\/la-vie-a-kertoon__trashed\/les-vlogs\/\"><img loading=\"lazy\" decoding=\"async\" width=\"150\" height=\"150\" class=\"wp-image-10902\" style=\"width: 150px;\" src=\"https:\/\/kertoonstudio.fr\/wp-content\/uploads\/2025\/08\/vloog.jpg\" alt=\"\" srcset=\"https:\/\/kertoon.grouplive.net\/wp-content\/uploads\/2025\/08\/vloog.jpg 200w, https:\/\/kertoon.grouplive.net\/wp-content\/uploads\/2025\/08\/vloog-150x150.jpg 150w\" sizes=\"auto, (max-width: 150px) 100vw, 150px\" \/><\/a><br><a href=\"https:\/\/kertoonstudio.fr\/index.php\/la-vie-a-kertoon__trashed\/les-vlogs\/\">Les Vlogs<\/a><a href=\"https:\/\/kertoonstudio.fr\/index.php\/la-vie-a-kertoon__trashed\/les-vlogs\/\" title=\"\"> de Chlo\u00e9<\/a><\/td><\/tr><tr><td class=\"has-text-align-center\" data-align=\"center\"><a href=\"https:\/\/kertoonstudio.fr\/index.php\/divertissements\/\"><img loading=\"lazy\" decoding=\"async\" width=\"150\" height=\"150\" class=\"wp-image-10768\" style=\"width: 150px;\" src=\"https:\/\/kertoonstudio.fr\/wp-content\/uploads\/2025\/08\/telerealite.jpg\" alt=\"\" srcset=\"https:\/\/kertoon.grouplive.net\/wp-content\/uploads\/2025\/08\/telerealite.jpg 200w, https:\/\/kertoon.grouplive.net\/wp-content\/uploads\/2025\/08\/telerealite-150x150.jpg 150w\" sizes=\"auto, (max-width: 150px) 100vw, 150px\" \/><\/a><br><a href=\"https:\/\/kertoonstudio.fr\/index.php\/divertissements\/\">Divertissements<\/a><\/td><td class=\"has-text-align-center\" data-align=\"center\"><a href=\"https:\/\/kertoonstudio.fr\/index.php\/archives\/\"><img loading=\"lazy\" decoding=\"async\" width=\"150\" height=\"150\" class=\"wp-image-10759\" style=\"width: 150px;\" src=\"https:\/\/kertoonstudio.fr\/wp-content\/uploads\/2025\/07\/archives.jpg\" alt=\"\" srcset=\"https:\/\/kertoon.grouplive.net\/wp-content\/uploads\/2025\/07\/archives.jpg 200w, https:\/\/kertoon.grouplive.net\/wp-content\/uploads\/2025\/07\/archives-150x150.jpg 150w\" sizes=\"auto, (max-width: 150px) 100vw, 150px\" \/><\/a><br><a href=\"https:\/\/kertoonstudio.fr\/index.php\/archives\/\">Nos archives<\/a><\/td><td class=\"has-text-align-center\" data-align=\"center\"><a href=\"https:\/\/kertoonstudio.fr\/index.php\/nos-tiktok\/\" title=\"\"><img loading=\"lazy\" decoding=\"async\" width=\"150\" height=\"150\" class=\"wp-image-20102\" style=\"width: 150px;\" src=\"https:\/\/kertoonstudio.fr\/wp-content\/uploads\/2025\/09\/tiktok.jpg\" alt=\"\" srcset=\"https:\/\/kertoon.grouplive.net\/wp-content\/uploads\/2025\/09\/tiktok.jpg 200w, https:\/\/kertoon.grouplive.net\/wp-content\/uploads\/2025\/09\/tiktok-150x150.jpg 150w\" sizes=\"auto, (max-width: 150px) 100vw, 150px\" \/><\/a><br>Le <a href=\"https:\/\/kertoonstudio.fr\/index.php\/nos-tiktok\/\">TikTok time<\/a><\/td><td class=\"has-text-align-center\" data-align=\"center\"><a href=\"https:\/\/kertoonstudio.fr\/index.php\/la-team-tuto\/\" title=\"\"><img loading=\"lazy\" decoding=\"async\" width=\"150\" height=\"150\" class=\"wp-image-10775\" style=\"width: 150px;\" src=\"https:\/\/kertoonstudio.fr\/wp-content\/uploads\/2025\/08\/tuto.jpg\" alt=\"\" srcset=\"https:\/\/kertoon.grouplive.net\/wp-content\/uploads\/2025\/08\/tuto.jpg 200w, https:\/\/kertoon.grouplive.net\/wp-content\/uploads\/2025\/08\/tuto-150x150.jpg 150w\" sizes=\"auto, (max-width: 150px) 100vw, 150px\" \/><\/a><br>Nos <a href=\"https:\/\/kertoonstudio.fr\/index.php\/la-team-tuto\/\">Cin\u00e9-trucs<\/a><\/td><\/tr><tr><td class=\"has-text-align-center\" data-align=\"center\"><a href=\"https:\/\/kertoonstudio.fr\/index.php\/nos-grands-moments\/\" title=\"\"><img loading=\"lazy\" decoding=\"async\" width=\"150\" height=\"150\" class=\"wp-image-20051\" style=\"width: 150px;\" src=\"https:\/\/kertoonstudio.fr\/wp-content\/uploads\/2025\/09\/bons-moments.jpg\" alt=\"\" srcset=\"https:\/\/kertoon.grouplive.net\/wp-content\/uploads\/2025\/09\/bons-moments.jpg 200w, https:\/\/kertoon.grouplive.net\/wp-content\/uploads\/2025\/09\/bons-moments-150x150.jpg 150w\" sizes=\"auto, (max-width: 150px) 100vw, 150px\" \/><\/a><a href=\"https:\/\/kertoonstudio.fr\/index.php\/nos-grands-moments\/\"><img decoding=\"async\" style=\"width: 150px;\" src=\"https:\/\/kertoonstudio.fr\/wp-content\/uploads\/2024\/01\/gds-moments.jpeg\" alt=\"\"><\/a><br><a href=\"https:\/\/kertoonstudio.fr\/index.php\/nos-grands-moments\/\">Nos grands moments<\/a><\/td><td class=\"has-text-align-center\" data-align=\"center\"><a href=\"https:\/\/kertoonstudio.fr\/index.php\/la-vie-a-kertoon\/les-portraits-chinois\/\" title=\"\"><img loading=\"lazy\" decoding=\"async\" width=\"150\" height=\"150\" class=\"wp-image-20053\" style=\"width: 150px;\" src=\"https:\/\/kertoonstudio.fr\/wp-content\/uploads\/2025\/09\/portrait-chinois.jpg\" alt=\"\" srcset=\"https:\/\/kertoon.grouplive.net\/wp-content\/uploads\/2025\/09\/portrait-chinois.jpg 200w, https:\/\/kertoon.grouplive.net\/wp-content\/uploads\/2025\/09\/portrait-chinois-150x150.jpg 150w\" sizes=\"auto, (max-width: 150px) 100vw, 150px\" \/><\/a><br><a href=\"https:\/\/kertoonstudio.fr\/index.php\/la-vie-a-kertoon\/les-portraits-chinois\/\">Portraits chinois<\/a><\/td><td class=\"has-text-align-center\" data-align=\"center\"><\/td><td class=\"has-text-align-center\" data-align=\"center\"><\/td><\/tr><\/tbody><\/table><\/figure>\n\n\n\n<div style=\"height:100px\" aria-hidden=\"true\" class=\"wp-block-spacer\"><\/div>\n\n\n\n<p><\/p>\n","protected":false},"excerpt":{"rendered":"<p>LA VIE \u00c0 KERTOON 80 Kertooners, forcement \u00e7a fait du bruit&#8230; Promenez vous dans les diff\u00e9rentes rubriques afin de d\u00e9couvrir ce qui nous fait rire et nous unit. My Kertoon Story Meilleures impros Nos Making-of Exercices \u00e0 th\u00e8mes La Kertoon Space La FAQ. Kertoon Portraits deKertooners Les Vlogs de Chlo\u00e9 Divertissements Nos archives Le TikTok&hellip;&nbsp;<a href=\"https:\/\/kertoon.grouplive.net\/index.php\/la-vie-a-kertoon\/\" rel=\"bookmark\">Lire la suite &raquo;<span class=\"screen-reader-text\">La vie \u00e0 Kertoon<\/span><\/a><\/p>\n","protected":false},"author":2,"featured_media":0,"parent":0,"menu_order":0,"comment_status":"closed","ping_status":"closed","template":"","meta":{"neve_meta_sidebar":"","neve_meta_container":"contained","neve_meta_enable_content_width":"on","neve_meta_content_width":80,"neve_meta_title_alignment":"","neve_meta_author_avatar":"","neve_post_elements_order":"","neve_meta_disable_header":"","neve_meta_disable_footer":"on","neve_meta_disable_title":"","footnotes":""},"class_list":["post-1138","page","type-page","status-publish","hentry"],"aioseo_notices":[],"_links":{"self":[{"href":"https:\/\/kertoon.grouplive.net\/index.php\/wp-json\/wp\/v2\/pages\/1138","targetHints":{"allow":["GET"]}}],"collection":[{"href":"https:\/\/kertoon.grouplive.net\/index.php\/wp-json\/wp\/v2\/pages"}],"about":[{"href":"https:\/\/kertoon.grouplive.net\/index.php\/wp-json\/wp\/v2\/types\/page"}],"author":[{"embeddable":true,"href":"https:\/\/kertoon.grouplive.net\/index.php\/wp-json\/wp\/v2\/users\/2"}],"replies":[{"embeddable":true,"href":"https:\/\/kertoon.grouplive.net\/index.php\/wp-json\/wp\/v2\/comments?post=1138"}],"version-history":[{"count":237,"href":"https:\/\/kertoon.grouplive.net\/index.php\/wp-json\/wp\/v2\/pages\/1138\/revisions"}],"predecessor-version":[{"id":20426,"href":"https:\/\/kertoon.grouplive.net\/index.php\/wp-json\/wp\/v2\/pages\/1138\/revisions\/20426"}],"wp:attachment":[{"href":"https:\/\/kertoon.grouplive.net\/index.php\/wp-json\/wp\/v2\/media?parent=1138"}],"curies":[{"name":"wp","href":"https:\/\/api.w.org\/{rel}","templated":true}]}}