{"id":1145,"date":"2020-05-15T10:54:09","date_gmt":"2020-05-15T08:54:09","guid":{"rendered":"https:\/\/kertoonstudio.fr\/?page_id=1145"},"modified":"2025-10-07T00:49:45","modified_gmt":"2025-10-06T22:49:45","slug":"nos-creations","status":"publish","type":"page","link":"https:\/\/kertoon.grouplive.net\/index.php\/nos-creations\/","title":{"rendered":"Silence, on tourne"},"content":{"rendered":"<div class=\"aioseo-breadcrumbs\"><span class=\"aioseo-breadcrumb\">\n\t\t\tHome\n\t\t<\/span><\/div>\n\n\n<figure class=\"wp-block-image size-large\"><img loading=\"lazy\" decoding=\"async\" width=\"1024\" height=\"334\" src=\"https:\/\/kertoonstudio.fr\/wp-content\/uploads\/2020\/06\/essai-ht-de\u0301cran-1-scaled-1-1024x334.jpg\" alt=\"\" class=\"wp-image-2215\" srcset=\"https:\/\/kertoon.grouplive.net\/wp-content\/uploads\/2020\/06\/essai-ht-de\u0301cran-1-scaled-1-1024x334.jpg 1024w, https:\/\/kertoon.grouplive.net\/wp-content\/uploads\/2020\/06\/essai-ht-de\u0301cran-1-scaled-1-300x98.jpg 300w, https:\/\/kertoon.grouplive.net\/wp-content\/uploads\/2020\/06\/essai-ht-de\u0301cran-1-scaled-1-768x251.jpg 768w, https:\/\/kertoon.grouplive.net\/wp-content\/uploads\/2020\/06\/essai-ht-de\u0301cran-1-scaled-1-1536x502.jpg 1536w, https:\/\/kertoon.grouplive.net\/wp-content\/uploads\/2020\/06\/essai-ht-de\u0301cran-1-scaled-1-2048x669.jpg 2048w\" sizes=\"auto, (max-width: 1024px) 100vw, 1024px\" \/><\/figure>\n\n\n\n<h1 class=\"wp-block-heading\">Silence, on tourne<\/h1>\n\n\n\n<h2 class=\"wp-block-heading\">D\u00e9couvrez nos productions les plus s\u00e9rieuses<\/h2>\n\n\n\n<h3 class=\"wp-block-heading\">Apr\u00e8s les r\u00e9p\u00e9titions et les entrainements viennent les <a href=\"https:\/\/kertoonstudio.fr\/index.php\/au-classement\/\">tournages s\u00e9rieux<\/a><\/h3>\n\n\n\n<h2 class=\"wp-block-heading has-text-align-center\"><strong>NOS LONGS M\u00c9TRAGES<\/strong><\/h2>\n\n\n\n<figure class=\"wp-block-table is-style-stripes\"><table><tbody><tr><td class=\"has-text-align-center\" data-align=\"center\"><a href=\"https:\/\/kertoonstudio.fr\/index.php\/nos-gros-films__trashed\/amazone\/\"><img loading=\"lazy\" decoding=\"async\" width=\"150\" height=\"200\" class=\"wp-image-1218\" style=\"width: 150px\" src=\"https:\/\/kertoonstudio.fr\/wp-content\/uploads\/2020\/05\/AfficheFINALE-Amazone-150.jpg\" alt=\"\"><\/a><br><a href=\"https:\/\/kertoonstudio.fr\/index.php\/nos-gros-films__trashed\/amazone\/\"><strong>AMAZONE (2004)<\/strong><\/a><\/td><td class=\"has-text-align-center\" data-align=\"center\"><a href=\"https:\/\/kertoonstudio.fr\/index.php\/nos-gros-films__trashed\/les-cops\/\"><img loading=\"lazy\" decoding=\"async\" width=\"150\" height=\"200\" class=\"wp-image-1298\" style=\"width: 150px\" src=\"https:\/\/kertoonstudio.fr\/wp-content\/uploads\/2020\/05\/LES-COPS.jpg\" alt=\"\"><\/a><br><a href=\"https:\/\/kertoonstudio.fr\/index.php\/nos-gros-films__trashed\/les-cops\/\"><strong>LES COPS  (2007)<\/strong><\/a><\/td><td class=\"has-text-align-center\" data-align=\"center\"><a href=\"https:\/\/kertoonstudio.fr\/index.php\/nos-gros-films__trashed\/limpasse\/\"><\/a><a href=\"https:\/\/kertoonstudio.fr\/index.php\/nos-gros-films__trashed\/overtime\/\"><img loading=\"lazy\" decoding=\"async\" width=\"157\" height=\"200\" class=\"wp-image-1971\" style=\"width: 150px\" src=\"https:\/\/kertoonstudio.fr\/wp-content\/uploads\/2020\/06\/affiche-overtime-vignette.jpg\" alt=\"\"><\/a><br><a href=\"https:\/\/kertoonstudio.fr\/index.php\/nos-gros-films__trashed\/overtime\/\"><strong>OVERTIME (2010)<\/strong><\/a><\/td><td class=\"has-text-align-center\" data-align=\"center\"><a href=\"https:\/\/kertoonstudio.fr\/index.php\/nos-gros-films__trashed\/limpasse\/\"><img loading=\"lazy\" decoding=\"async\" width=\"150\" height=\"200\" class=\"wp-image-1217\" style=\"width: 150px\" src=\"https:\/\/kertoonstudio.fr\/wp-content\/uploads\/2020\/05\/affiche-Impasse-noir.jpg\" alt=\"\"><\/a><br><a href=\"https:\/\/kertoonstudio.fr\/index.php\/nos-gros-films__trashed\/limpasse\/\"><strong>L&rsquo; IMPASSE (2016)<\/strong><\/a><\/td><td class=\"has-text-align-center\" data-align=\"center\"><br><\/td><\/tr><\/tbody><\/table><\/figure>\n\n\n\n<h2 class=\"wp-block-heading has-text-align-center\"><strong>NOS S\u00c9RIES<\/strong><\/h2>\n\n\n\n<figure class=\"wp-block-table is-style-stripes\"><table><tbody><tr><td><\/td><td class=\"has-text-align-center\" data-align=\"center\"><a href=\"https:\/\/kertoonstudio.fr\/index.php\/nos-gros-films__trashed\/trouble\/\"><img decoding=\"async\" src=\"https:\/\/kertoonstudio.fr\/wp-content\/uploads\/2020\/05\/aff-trouble.jpg\" alt=\"\"><\/a><br><a href=\"https:\/\/kertoonstudio.fr\/index.php\/nos-gros-films__trashed\/trouble\/\"><strong>TROUBLE (2019)<\/strong><\/a><\/td><td class=\"has-text-align-center\" data-align=\"center\"><img loading=\"lazy\" decoding=\"async\" width=\"150\" height=\"150\" class=\"wp-image-20001\" style=\"width: 150px;\" src=\"https:\/\/kertoonstudio.fr\/wp-content\/uploads\/2025\/08\/affiche-trouble-2-e1758028441817.jpeg\" alt=\"\"><a href=\"https:\/\/kertoonstudio.fr\/index.php\/trouble-saison-2\/\"><img decoding=\"async\" class=\"wp-image-10387\" style=\"width: 186px;\" src=\"https:\/\/kertoonstudio.fr\/wp-content\/uploads\/2024\/07\/affiche-trouble-3-petit-format.jpg\" alt=\"\"><\/a><br><strong><a href=\"https:\/\/kertoonstudio.fr\/index.php\/trouble-saison-2\/\">TROUBLE 2 (2024)<\/a><\/strong><\/td><td class=\"has-text-align-center\" data-align=\"center\"><a href=\"https:\/\/kertoonstudio.fr\/index.php\/my-kertoon-story\/\"><img loading=\"lazy\" decoding=\"async\" width=\"150\" height=\"150\" class=\"wp-image-10877\" style=\"width: 150px;\" src=\"https:\/\/kertoonstudio.fr\/wp-content\/uploads\/2025\/08\/vignette-kstory.jpg\" alt=\"\" srcset=\"https:\/\/kertoon.grouplive.net\/wp-content\/uploads\/2025\/08\/vignette-kstory.jpg 200w, https:\/\/kertoon.grouplive.net\/wp-content\/uploads\/2025\/08\/vignette-kstory-150x150.jpg 150w\" sizes=\"auto, (max-width: 150px) 100vw, 150px\" \/><\/a><br><a href=\"https:\/\/kertoonstudio.fr\/index.php\/my-kertoon-story\/\">MY KERTOON STORY<\/a><\/td><td class=\"has-text-align-center\" data-align=\"center\"><img loading=\"lazy\" decoding=\"async\" width=\"150\" height=\"150\" class=\"wp-image-10905\" style=\"width: 150px;\" src=\"https:\/\/kertoonstudio.fr\/wp-content\/uploads\/2025\/08\/zadosaurs.jpg\" alt=\"\" srcset=\"https:\/\/kertoon.grouplive.net\/wp-content\/uploads\/2025\/08\/zadosaurs.jpg 200w, https:\/\/kertoon.grouplive.net\/wp-content\/uploads\/2025\/08\/zadosaurs-150x150.jpg 150w\" sizes=\"auto, (max-width: 150px) 100vw, 150px\" \/><br>LES ZADOSAURES<\/td><td><\/td><\/tr><\/tbody><\/table><\/figure>\n\n\n\n<h2 class=\"wp-block-heading has-text-align-center\"><strong>COURTS M\u00c9TRAGES ET AUTRES&#8230;<\/strong><\/h2>\n\n\n\n<figure class=\"wp-block-table is-style-stripes\"><table><tbody><tr><td class=\"has-text-align-center\" data-align=\"center\"><a href=\"https:\/\/kertoonstudio.fr\/index.php\/nos-creations\/nos-courts-metrages\/\"><img decoding=\"async\" style=\"width: 150px;\" src=\"https:\/\/kertoonstudio.fr\/wp-content\/uploads\/2021\/04\/courts.jpg\" alt=\"\"><\/a><br><a href=\"https:\/\/kertoonstudio.fr\/index.php\/nos-creations\/nos-courts-metrages\/\"><strong>COURTS M\u00c9TRAGES<\/strong><\/a><\/td><td class=\"has-text-align-center\" data-align=\"center\"><br><a href=\"https:\/\/kertoonstudio.fr\/index.php\/les-clips-kertoon\/\"><img decoding=\"async\" src=\"https:\/\/kertoonstudio.fr\/wp-content\/uploads\/2021\/04\/presk.jpg\" alt=\"\" style=\"width: 151px;\"><\/a><br><a href=\"https:\/\/kertoonstudio.fr\/index.php\/les-clips-kertoon\/\"><strong>CLIPS<\/strong><\/a><strong><a href=\"https:\/\/kertoonstudio.fr\/index.php\/les-clips-kertoon\/\"> <\/a><\/strong><a href=\"https:\/\/kertoonstudio.fr\/index.php\/les-clips-kertoon\/\"><strong>ET TEASERS<\/strong><\/a><br><\/td><td class=\"has-text-align-center\" data-align=\"center\"><a href=\"https:\/\/kertoonstudio.fr\/index.php\/nos-presques-metrages\/\"><img decoding=\"async\" src=\"https:\/\/kertoonstudio.fr\/wp-content\/uploads\/2021\/04\/presk2.jpg\" alt=\"\" style=\"width: 150px;\"><\/a><br><a href=\"https:\/\/kertoonstudio.fr\/index.php\/nos-presques-metrages\/\"><strong>\u00ab\u00a0PRESQUES\u00a0\u00bb M\u00c9TRAGES<\/strong><\/a><\/td><td class=\"has-text-align-center\" data-align=\"center\"><\/td><\/tr><\/tbody><\/table><\/figure>\n\n\n\n<div style=\"height:100px\" aria-hidden=\"true\" class=\"wp-block-spacer\"><\/div>\n\n\n\n<p><\/p>\n","protected":false},"excerpt":{"rendered":"<p>Silence, on tourne D\u00e9couvrez nos productions les plus s\u00e9rieuses Apr\u00e8s les r\u00e9p\u00e9titions et les entrainements viennent les tournages s\u00e9rieux NOS LONGS M\u00c9TRAGES AMAZONE (2004) LES COPS (2007) OVERTIME (2010) L&rsquo; IMPASSE (2016) NOS S\u00c9RIES TROUBLE (2019) TROUBLE 2 (2024) MY KERTOON STORY LES ZADOSAURES COURTS M\u00c9TRAGES ET AUTRES&#8230; COURTS M\u00c9TRAGES CLIPS ET TEASERS \u00ab\u00a0PRESQUES\u00a0\u00bb M\u00c9TRAGES<\/p>\n","protected":false},"author":2,"featured_media":0,"parent":0,"menu_order":0,"comment_status":"closed","ping_status":"closed","template":"","meta":{"neve_meta_sidebar":"full-width","neve_meta_container":"contained","neve_meta_enable_content_width":"on","neve_meta_content_width":80,"neve_meta_title_alignment":"","neve_meta_author_avatar":"","neve_post_elements_order":"","neve_meta_disable_header":"","neve_meta_disable_footer":"","neve_meta_disable_title":"","footnotes":""},"class_list":["post-1145","page","type-page","status-publish","hentry"],"aioseo_notices":[],"_links":{"self":[{"href":"https:\/\/kertoon.grouplive.net\/index.php\/wp-json\/wp\/v2\/pages\/1145","targetHints":{"allow":["GET"]}}],"collection":[{"href":"https:\/\/kertoon.grouplive.net\/index.php\/wp-json\/wp\/v2\/pages"}],"about":[{"href":"https:\/\/kertoon.grouplive.net\/index.php\/wp-json\/wp\/v2\/types\/page"}],"author":[{"embeddable":true,"href":"https:\/\/kertoon.grouplive.net\/index.php\/wp-json\/wp\/v2\/users\/2"}],"replies":[{"embeddable":true,"href":"https:\/\/kertoon.grouplive.net\/index.php\/wp-json\/wp\/v2\/comments?post=1145"}],"version-history":[{"count":91,"href":"https:\/\/kertoon.grouplive.net\/index.php\/wp-json\/wp\/v2\/pages\/1145\/revisions"}],"predecessor-version":[{"id":20128,"href":"https:\/\/kertoon.grouplive.net\/index.php\/wp-json\/wp\/v2\/pages\/1145\/revisions\/20128"}],"wp:attachment":[{"href":"https:\/\/kertoon.grouplive.net\/index.php\/wp-json\/wp\/v2\/media?parent=1145"}],"curies":[{"name":"wp","href":"https:\/\/api.w.org\/{rel}","templated":true}]}}